{"id":1439,"date":"2021-04-24T20:25:15","date_gmt":"2021-04-24T19:25:15","guid":{"rendered":"https:\/\/parafiamierzyn.net.pl\/?page_id=1439"},"modified":"2026-02-27T11:58:58","modified_gmt":"2026-02-27T10:58:58","slug":"informacje-o-dotacjach","status":"publish","type":"page","link":"https:\/\/parafiamierzyn.net.pl\/?page_id=1439","title":{"rendered":"Informacje o dotacjach"},"content":{"rendered":"\n<figure class=\"wp-container-2 wp-block-gallery-1 wp-block-gallery has-nested-images columns-default is-cropped\">\n<figure class=\"wp-block-image size-large\"><img loading=\"lazy\" width=\"1024\" height=\"857\" data-id=\"3433\"  src=\"https:\/\/parafiamierzyn.net.pl\/wp-content\/uploads\/2023\/10\/Facebook-informacja-MKIDN-1024x857.png\" alt=\"\" class=\"wp-image-3433\" srcset=\"https:\/\/parafiamierzyn.net.pl\/wp-content\/uploads\/2023\/10\/Facebook-informacja-MKIDN-1024x857.png 1024w, https:\/\/parafiamierzyn.net.pl\/wp-content\/uploads\/2023\/10\/Facebook-informacja-MKIDN-300x251.png 300w, https:\/\/parafiamierzyn.net.pl\/wp-content\/uploads\/2023\/10\/Facebook-informacja-MKIDN-768x643.png 768w, https:\/\/parafiamierzyn.net.pl\/wp-content\/uploads\/2023\/10\/Facebook-informacja-MKIDN.png 1116w\" sizes=\"(max-width: 767px) 89vw, (max-width: 1000px) 54vw, (max-width: 1071px) 543px, 580px\" \/><\/figure>\n<\/figure>\n\n\n\n<figure class=\"wp-container-4 wp-block-gallery-3 wp-block-gallery has-nested-images columns-default is-cropped\">\n<figure class=\"wp-block-image size-large\"><img loading=\"lazy\" width=\"1024\" height=\"853\" data-id=\"3431\"  src=\"https:\/\/parafiamierzyn.net.pl\/wp-content\/uploads\/2023\/10\/Facebook-informacja-WUOZ-2-1024x853.png\" alt=\"\" class=\"wp-image-3431\" srcset=\"https:\/\/parafiamierzyn.net.pl\/wp-content\/uploads\/2023\/10\/Facebook-informacja-WUOZ-2-1024x853.png 1024w, https:\/\/parafiamierzyn.net.pl\/wp-content\/uploads\/2023\/10\/Facebook-informacja-WUOZ-2-300x250.png 300w, https:\/\/parafiamierzyn.net.pl\/wp-content\/uploads\/2023\/10\/Facebook-informacja-WUOZ-2-768x640.png 768w, https:\/\/parafiamierzyn.net.pl\/wp-content\/uploads\/2023\/10\/Facebook-informacja-WUOZ-2.png 1116w\" sizes=\"(max-width: 767px) 89vw, (max-width: 1000px) 54vw, (max-width: 1071px) 543px, 580px\" \/><\/figure>\n<\/figure>\n\n\n\n<p><strong><mark style=\"background-color:rgba(0, 0, 0, 0)\" class=\"has-inline-color has-vivid-red-color\">Na realizacj\u0119 prac przy ko\u015bciele parafialnym otrzymano nast\u0119puj\u0105ce dotacje:<\/mark><\/strong><\/p>\n\n\n\n<p><strong>2016, Ratunkowe prace konserwatorskie przy elewacji gotyckiego ko\u015bcio\u0142a \u2013 etap II&nbsp;\u2013 dofinansowano <mark style=\"background-color:rgba(0, 0, 0, 0)\" class=\"has-inline-color has-vivid-cyan-blue-color\">ze \u015brodk\u00f3w \u0141\u00f3dzkiego Wojew\u00f3dzkiego Konserwatora Zabytk\u00f3w,<\/mark> <mark style=\"background-color:rgba(0, 0, 0, 0)\" class=\"has-inline-color has-vivid-cyan-blue-color\">Wojew\u00f3dztwa \u0141\u00f3dzkiego;<\/mark><\/strong><\/p>\n\n\n\n<p><strong>2017, Prace konserwatorskie przy elewacji i fundamentach ko\u015bcio\u0142a &#8211; etap III (prezbiterium: \u015bciana po\u0142udniowa i cz\u0119\u015b\u0107 \u015bciany wschodniej)&nbsp;\u2013 dofinansowano <mark style=\"background-color:rgba(0, 0, 0, 0)\" class=\"has-inline-color has-vivid-cyan-blue-color\">ze \u015brodk\u00f3w Ministra Kultury i Dziedzictwa Narodowego, \u0141\u00f3dzkiego Wojew\u00f3dzkiego Konserwatora Zabytk\u00f3w, Wojew\u00f3dztwa \u0141\u00f3dzkiego;<\/mark><\/strong><\/p>\n\n\n\n<p><strong>2017, Prace przy elewacji i fundamentach ko\u015bcio\u0142a &#8211; etap IV &#8211; p\u00f3\u0142nocna cz\u0119\u015b\u0107 prezbiterium&nbsp;\u2013 <mark style=\"background-color:rgba(0, 0, 0, 0)\" class=\"has-inline-color has-vivid-green-cyan-color\">dofinansowano ze \u015brodk\u00f3w Funduszu Ko\u015bcielnego;<\/mark><\/strong><\/p>\n\n\n\n<p><strong>2018, Prace przy elewacji i fundamentach ko\u015bcio\u0142a \u2013 etap V&nbsp;\u2013 <mark style=\"background-color:rgba(0, 0, 0, 0)\" class=\"has-inline-color has-luminous-vivid-orange-color\">dofinansowano ze \u015brodk\u00f3w Wojew\u00f3dztwa \u0141\u00f3dzkiego;<\/mark><\/strong><\/p>\n\n\n\n<p><strong>2019, Prace konserwatorskie przy elewacjach i fundamentach ko\u015bcio\u0142a &#8211; etap VI: cz\u0119\u015b\u0107 \u015bciany zachodniej i \u015bciana po\u0142udniowa nawy z babi\u0144cem oraz wie\u017ca&nbsp;\u2013 dofinansowano<mark style=\"background-color:rgba(0, 0, 0, 0)\" class=\"has-inline-color has-vivid-cyan-blue-color\"> ze \u015brodk\u00f3w Ministra Kultury i Dziedzictwa Narodowego, \u0141\u00f3dzkiego Wojew\u00f3dzkiego Konserwatora Zabytk\u00f3w;&nbsp;&nbsp;<\/mark><\/strong><\/p>\n\n\n\n<p><strong>2020, Prace przy dachu i wie\u017cy \u015bwi\u0105tyni &#8211; etap I&nbsp;\u2013 <mark style=\"background-color:rgba(0, 0, 0, 0)\" class=\"has-inline-color has-vivid-green-cyan-color\">dofinansowano ze \u015brodk\u00f3w Ministra Kultury i Dziedzictwa Narodowego<\/mark><\/strong><\/p>\n\n\n\n<p><strong>2021, Mierzyn, ko\u015bci\u00f3\u0142 parafialny pw. \u015bw. Miko\u0142aja BW w Mierzynie (XV w.): Prace przy sygnarturce i szczycie nad prezbiterium \u2013 <mark style=\"background-color:rgba(0, 0, 0, 0)\" class=\"has-inline-color has-vivid-cyan-blue-color\">dofinansowano ze \u015brodk\u00f3w finansowych \u0141\u00f3dzkiego Wojew\u00f3dzkiego Konserwatora Zabytk\u00f3w<\/mark> <mark style=\"background-color:rgba(0, 0, 0, 0)\" class=\"has-inline-color has-vivid-green-cyan-color\">z bud\u017cetu pa\u0144stwa w kwocie <\/mark><mark style=\"background-color:rgba(0, 0, 0, 0)\" class=\"has-inline-color has-vivid-red-color\">57 600,00 z\u0142.<\/mark><mark style=\"background-color:rgba(0, 0, 0, 0)\" class=\"has-inline-color has-vivid-green-cyan-color\"> <\/mark>Ca\u0142kowita warto\u015b\u0107 zadania wynosi: 58\u00a0471,15 z\u0142. Zadanie obejmuje prace przy konstrukcji i pokryciu kopu\u0142y sygnaturki, przy tynkowanej i ceglanej cz\u0119\u015bci elewacji szczytu nad prezbiterium oraz wi\u0119\u017abie dachowej nad krucht\u0105.<\/strong><\/p>\n\n\n\n<p><strong>2022, Mierzyn, ko\u015bci\u00f3\u0142 parafialny pw. \u015bw. Miko\u0142aja BW w Mierzynie (XV w.):remont dachu ko\u015bcio\u0142a \u2013 etap III &#8211; <mark style=\"background-color:rgba(0, 0, 0, 0)\" class=\"has-inline-color has-vivid-green-cyan-color\">dofinansowano ze \u015brodk\u00f3w finansowych Ministra Kultury i Dziedzictwa Narodowego pochodz\u0105cych z bud\u017cetu pa\u0144stwa w ramach programu \u201eOchrona zabytk\u00f3w\u201d w kwocie <\/mark><mark style=\"background-color:rgba(0, 0, 0, 0)\" class=\"has-inline-color has-vivid-red-color\">239\u00a0163,95 z\u0142<\/mark><mark style=\"background-color:rgba(0, 0, 0, 0)\" class=\"has-inline-color has-vivid-green-cyan-color\">.<\/mark> Ca\u0142kowita warto\u015b\u0107 zadania wynosi: 246\u00a0678,66 z\u0142. Zadanie obejmuje remont konstrukcji dachu nad prezbiterium i zakrysti\u0105, przykrycie dach\u00f3wk\u0105 po\u0142udniowej cz\u0119\u015bci dachu<\/strong> <strong>prezbiterium, usuni\u0119cie blachy i po\u0142o\u017cenie papy na p\u00f3\u0142nocnej cz\u0119\u015bci dachu prezbiterium i nad zakrysti\u0105 \u2014 bez szczytu prezbiterium.<\/strong><\/p>\n\n\n\n<p><strong>2022, Mierzyn, ko\u015bci\u00f3\u0142 parafialny pw. \u015bw. Miko\u0142aja BW w Mierzynie (XV w.): remont cz\u0119\u015bci zachodniej elewacji wie\u017cy ko\u015bcio\u0142a &#8211; <mark style=\"background-color:rgba(0, 0, 0, 0)\" class=\"has-inline-color has-vivid-cyan-blue-color\">dofinansowano ze \u015brodk\u00f3w finansowych \u0141\u00f3dzkiego Wojew\u00f3dzkiego Konserwatora Zabytk\u00f3w z bud\u017cetu pa\u0144stwa w kwocie<\/mark> <mark style=\"background-color:rgba(0, 0, 0, 0)\" class=\"has-inline-color has-vivid-red-color\">38\u00a0000,00 z\u0142. <\/mark>Ca\u0142kowita warto\u015b\u0107 zadania wynosi 39\u00a0379,03 z\u0142. Zadanie obejmuje remont cz\u0119\u015bci zachodniej elewacji wie\u017cy ko\u015bcio\u0142a.<\/strong><\/p>\n\n\n\n<p><strong>2023, Mierzyn, ko\u015bci\u00f3\u0142 parafialny pw. \u015bw. Miko\u0142aja BW w Mierzynie (XV w.): remont elewacji i dachu ko\u015bcio\u0142a \u2013 etap IV &#8211;<mark style=\"background-color:rgba(0, 0, 0, 0)\" class=\"has-inline-color has-vivid-green-cyan-color\"> dofinansowano ze \u015brodk\u00f3w finansowych Ministra Kultury i Dziedzictwa Narodowego pochodz\u0105cych z bud\u017cetu pa\u0144stwa w ramach programu \u201eOchrona zabytk\u00f3w\u201d w kwocie<\/mark> <mark style=\"background-color:rgba(0, 0, 0, 0)\" class=\"has-inline-color has-vivid-red-color\">246\u00a0413,53 z\u0142<\/mark>. Ca\u0142kowita warto\u015b\u0107 zadania wynosi 247\u00a0803,72 z\u0142. Zadanie obejmuje remont pozosta\u0142ego fragmentu wi\u0119\u017aby dachowej wraz z pokryciem nad prezbiterium, zakrysti\u0105 i absyd\u0105 oraz remont po\u0142udniowej cz\u0119\u015bci elewacji wie\u017cy ko\u015bcio\u0142a.<\/strong><\/p>\n\n\n\n<p><strong>2023 r., Mierzyn, ko\u015bci\u00f3\u0142 parafialny pw. \u015bw. Miko\u0142aja BW w Mierzynie (XV w.): remont pozosta\u0142ej cz\u0119\u015bci elewacji wie\u017cy i szczytu ko\u015bcio\u0142a &#8211; <mark style=\"background-color:rgba(0, 0, 0, 0)\" class=\"has-inline-color has-vivid-cyan-blue-color\">dofinansowano ze \u015brodk\u00f3w finansowych \u0141\u00f3dzkiego Wojew\u00f3dzkiego Konserwatora Zabytk\u00f3w z bud\u017cetu pa\u0144stwa w kwocie<\/mark> <mark style=\"background-color:rgba(0, 0, 0, 0)\" class=\"has-inline-color has-vivid-red-color\">64\u00a0000,00 z\u0142.<\/mark> Ca\u0142kowita warto\u015b\u0107 zadania wynosi 64\u00a0344,50 z\u0142. Zadanie obejmuje kontynuacj\u0119 prac przy elewacji p\u00f3\u0142nocnej cz\u0119\u015bci wie\u017cy i szczytu ko\u015bci\u00f3\u0142<\/strong>.<\/p>\n\n\n\n<p><strong>2024<\/strong> r., <strong>Dotacja celowa za \u015brodk\u00f3w Rz\u0105dowego Programu Odbudowy Zabytk\u00f3w<mark style=\"background-color:rgba(0, 0, 0, 0)\" class=\"has-inline-color has-vivid-green-cyan-color\"> \u201ePOLSKI \u0141AD\u201d <\/mark> na remont sklepienia prezbiterium w ko\u015bciele w Mierzynie w wysoko\u015bci <mark style=\"background-color:rgba(0, 0, 0, 0)\" class=\"has-inline-color has-vivid-red-color\">306\u00a0122,45<\/mark> z\u0142.<\/strong><\/p>\n\n\n\n<p><strong>2024<\/strong> r., <strong>Dotacja celowa <mark style=\"background-color:rgba(0, 0, 0, 0)\" class=\"has-inline-color has-luminous-vivid-orange-color\">z Urz\u0119du Marsza\u0142kowskiego Wojew\u00f3dztwa \u0141\u00f3dzkiego<\/mark>  na konserwacj\u0119 techniczn\u0105 polichromii pod\u0142ucza \u0142uku t\u0119czowego w ko\u015bciele w Mierzynie w wysoko\u015bci\u00a0 <mark style=\"background-color:rgba(0, 0, 0, 0)\" class=\"has-inline-color has-vivid-red-color\">150\u00a0000,00<\/mark> z\u0142.<\/strong><\/p>\n\n\n\n<p><strong>2024<\/strong> r., <strong>Dotacja celowa <mark style=\"background-color:rgba(0, 0, 0, 0)\" class=\"has-inline-color has-vivid-cyan-blue-color\">z \u0141\u00f3dzkiego Wojew\u00f3dzkiego Konserwatora Zabytk\u00f3w <\/mark>na konserwacj\u0119 techniczn\u0105 \u0142uku t\u0119czowego od strony prezbiterium\u00a0 w wysoko\u015bci <mark style=\"background-color:rgba(0, 0, 0, 0)\" class=\"has-inline-color has-vivid-red-color\">63\u00a0750,00 <\/mark>z\u0142.<\/strong><\/p>\n\n\n\n<p><strong>2025<\/strong> r., <strong>Dotacja celowa <mark style=\"background-color:rgba(0, 0, 0, 0)\" class=\"has-inline-color has-vivid-cyan-blue-color\">z \u0141\u00f3dzkiego Wojew\u00f3dzkiego Konserwatora Zabyt\u00f3w<\/mark> na konserwacje techniczn\u0105 \u0142uku t\u0119czowego od strony prezbiterium w wysoko\u015bci <mark style=\"background-color:rgba(0, 0, 0, 0)\" class=\"has-inline-color has-vivid-red-color\">70\u00a0000,00<\/mark> z\u0142.<\/strong><\/p>\n\n\n\n<p><strong>2025r.,<\/strong> <strong>Dotacja celowa <mark style=\"background-color:rgba(0, 0, 0, 0)\" class=\"has-inline-color has-luminous-vivid-orange-color\">z Urz\u0119du Marsza\u0142kowskiego Wojew\u00f3dztwa \u0141\u00f3dzkiego<\/mark>  na prace konserwatorskie polichromii prezbiterium w wys. <mark style=\"background-color:rgba(0, 0, 0, 0)\" class=\"has-inline-color has-vivid-red-color\">170\u00a0000,00<\/mark> z\u0142.<\/strong><\/p>\n","protected":false},"excerpt":{"rendered":"<p>Na realizacj\u0119 prac przy ko\u015bciele parafialnym otrzymano nast\u0119puj\u0105ce dotacje: 2016, Ratunkowe prace konserwatorskie przy elewacji gotyckiego ko\u015bcio\u0142a \u2013 etap II&nbsp;\u2013 dofinansowano ze \u015brodk\u00f3w \u0141\u00f3dzkiego Wojew\u00f3dzkiego Konserwatora Zabytk\u00f3w, Wojew\u00f3dztwa \u0141\u00f3dzkiego; 2017, Prace konserwatorskie przy elewacji i fundamentach ko\u015bcio\u0142a &#8211; etap III (prezbiterium: \u015bciana po\u0142udniowa i cz\u0119\u015b\u0107 \u015bciany wschodniej)&nbsp;\u2013 dofinansowano ze \u015brodk\u00f3w Ministra Kultury i Dziedzictwa Narodowego, &hellip; <\/p>\n<p class=\"link-more\"><a href=\"https:\/\/parafiamierzyn.net.pl\/?page_id=1439\" class=\"more-link\">Czytaj dalej<span class=\"screen-reader-text\"> Informacje o dotacjach<\/span><\/a><\/p>\n","protected":false},"author":1,"featured_media":0,"parent":0,"menu_order":0,"comment_status":"closed","ping_status":"closed","template":"","meta":[],"_links":{"self":[{"href":"https:\/\/parafiamierzyn.net.pl\/index.php?rest_route=\/wp\/v2\/pages\/1439"}],"collection":[{"href":"https:\/\/parafiamierzyn.net.pl\/index.php?rest_route=\/wp\/v2\/pages"}],"about":[{"href":"https:\/\/parafiamierzyn.net.pl\/index.php?rest_route=\/wp\/v2\/types\/page"}],"author":[{"embeddable":true,"href":"https:\/\/parafiamierzyn.net.pl\/index.php?rest_route=\/wp\/v2\/users\/1"}],"replies":[{"embeddable":true,"href":"https:\/\/parafiamierzyn.net.pl\/index.php?rest_route=%2Fwp%2Fv2%2Fcomments&post=1439"}],"version-history":[{"count":8,"href":"https:\/\/parafiamierzyn.net.pl\/index.php?rest_route=\/wp\/v2\/pages\/1439\/revisions"}],"predecessor-version":[{"id":4709,"href":"https:\/\/parafiamierzyn.net.pl\/index.php?rest_route=\/wp\/v2\/pages\/1439\/revisions\/4709"}],"wp:attachment":[{"href":"https:\/\/parafiamierzyn.net.pl\/index.php?rest_route=%2Fwp%2Fv2%2Fmedia&parent=1439"}],"curies":[{"name":"wp","href":"https:\/\/api.w.org\/{rel}","templated":true}]}}